{"id":13921,"date":"2022-03-01T18:52:17","date_gmt":"2022-03-01T17:52:17","guid":{"rendered":"https:\/\/sklep.zaborek.com.pl\/sklep\/?post_type=product&#038;p=13921"},"modified":"2026-03-31T16:37:15","modified_gmt":"2026-03-31T14:37:15","slug":"pasztet-z-dziczyzny","status":"publish","type":"product","link":"https:\/\/sklep.zaborek.com.pl\/sklep\/produkt\/pasztet-z-dziczyzny\/","title":{"rendered":"Pasztet z dziczyzny z \u017curawin\u0105 0,5kg"},"content":{"rendered":"","protected":false},"excerpt":{"rendered":"<p>Pasztet z dziczyzny &#8211; 0.5 kg<\/p>\n<p>sk\u0142ad: mi\u0119so z sarny i dzika, seler naciowy, w\u0105tr\u00f3bka drobiowa, \u017curawina, pietruszka, marchew, por, jajko, bu\u0142ka, przyprawy<\/p>\n","protected":false},"featured_media":14138,"template":"","meta":[],"product_brand":[],"product_cat":[603],"product_tag":[399],"class_list":{"0":"post-13921","1":"product","2":"type-product","3":"status-publish","4":"has-post-thumbnail","6":"product_cat-oferta-wielkanocna-2026","7":"product_tag-pasztet-z-dziczyzny","10":"first","11":"outofstock","12":"featured","13":"taxable","14":"shipping-taxable","15":"purchasable","16":"product-type-simple"},"aioseo_notices":[],"_links":{"self":[{"href":"https:\/\/sklep.zaborek.com.pl\/sklep\/wp-json\/wp\/v2\/product\/13921","targetHints":{"allow":["GET"]}}],"collection":[{"href":"https:\/\/sklep.zaborek.com.pl\/sklep\/wp-json\/wp\/v2\/product"}],"about":[{"href":"https:\/\/sklep.zaborek.com.pl\/sklep\/wp-json\/wp\/v2\/types\/product"}],"wp:featuredmedia":[{"embeddable":true,"href":"https:\/\/sklep.zaborek.com.pl\/sklep\/wp-json\/wp\/v2\/media\/14138"}],"wp:attachment":[{"href":"https:\/\/sklep.zaborek.com.pl\/sklep\/wp-json\/wp\/v2\/media?parent=13921"}],"wp:term":[{"taxonomy":"product_brand","embeddable":true,"href":"https:\/\/sklep.zaborek.com.pl\/sklep\/wp-json\/wp\/v2\/product_brand?post=13921"},{"taxonomy":"product_cat","embeddable":true,"href":"https:\/\/sklep.zaborek.com.pl\/sklep\/wp-json\/wp\/v2\/product_cat?post=13921"},{"taxonomy":"product_tag","embeddable":true,"href":"https:\/\/sklep.zaborek.com.pl\/sklep\/wp-json\/wp\/v2\/product_tag?post=13921"}],"curies":[{"name":"wp","href":"https:\/\/api.w.org\/{rel}","templated":true}]}}